o base 10.
8
Convert -216 (base 7) to base 11.
-a1
27 (base 12) to base 8
37
-3 (base 8) to base 16
-3
-2 (base 3) to base 6
-2
What is 133 (base 4) in base 12?
27
Convert 7 (base 9) to base 6.
11
Convert -12 (base 3) to base 11.
-5
Convert 34 (base 7) to base 16.
19
24 (base 14) to base 13
26
5 (base 14) to base 8
5
What is d (base 15) in base 5?
23
What is -11 (base 15) in base 2?
-10000
Convert 4 (base 11) to base 10.
4
Convert b3 (base 15) to base 4.
2220
What is -6 (base 15) in base 9?
-6
What is -1 (base 11) in base 9?
-1
Convert -1022 (base 3) to base 5.
-120
What is 12 (base 4) in base 3?
20
111 (base 6) to base 11
3a
12 (base 8) to base 12
a
8 (base 11) to base 12
8
0 (base 9) to base 10
0
Convert -1 (base 12) to base 11.
-1
What is -201 (base 13) in base 10?
-339
2 (base 11) to base 15
2
a (base 12) to base 8
12
Convert b9 (base 12) to base 9.
166
Convert -1 (base 5) to base 3.
-1
What is 79 (base 14) in base 13?
83
What is 54 (base 13) in base 8?
105
23 (base 7) to base 5
32
Convert 62 (base 7) to base 4.
230
What is -101100 (base 2) in base 7?
-62
Convert 12 (base 8) to base 13.
a
What is 10 (base 9) in base 3?
100
What is 4 (base 14) in base 16?
4
3d (base 15) to base 4
322
2 (base 16) to base 14
2
What is 31 (base 4) in base 12?
11
-21 (base 7) to base 11
-14
Convert -112 (base 5) to base 11.
-2a
Convert -9 (base 14) to base 7.
-12
-87 (base 14) to base 7
-230
What is -3 (base 11) in base 13?
-3
What is 1140 (base 6) in base 9?
336
Convert -56 (base 12) to base 4.
-1002
-3 (base 5) to base 11
-3
-4 (base 8) to base 16
-4
What is -3 (base 15) in base 5?
-3
Convert -3 (base 5) to base 14.
-3
109 (base 10) to base 9
131
What is 213 (base 5) in base 12?
4a
17 (base 8) to base 6
23
Convert -36 (base 15) to base 16.
-33
525 (base 6) to base 13
122
Convert 6 (base 16) to base 12.
6
111 (base 2) to base 5
12
105 (base 8) to base 15
49
8 (base 15) to base 10
8
Convert 9b (base 14) to base 15.
92
Convert 50 (base 15) to base 12.
63
Convert 7d (base 14) to base 10.
111
Convert -28 (base 11) to base 15.
-20
-2 (base 5) to base 2
-10
-4 (base 12) to base 4
-10
What is -5 (base 9) in base 15?
-5
Convert -21 (base 16) to base 11.
-30
Convert 115 (base 8) to base 14.
57
Convert -4 (base 11) to base 8.
-4
What is -16 (base 13) in base 4?
-103
66 (base 10) to base 15
46
-69 (base 15) to base 3
-10200
Convert -37 (base 9) to base 12.
-2a
What is 4 (base 12) in base 13?
4
-7 (base 12) to base 4
-13
-11 (base 6) to base 13
-7
What is -a (base 16) in base 4?
-22
What is -30 (base 8) in base 10?
-24
Convert -113 (base 9) to base 3.
-10110
10 (base 11) to base 9
12
What is -1021 (base 3) in base 2?
-100010
What is -34 (base 14) in base 5?
-141
58 (base 10) to base 16
3a
Convert 0 (base 16) to base 2.
0
Convert -1aa (base 11) to base 2.
-11110001
What is 16 (base 9) in base 8?
17
Convert -48 (base 16) to base 2.
-1001000
What is -431 (base 5) in base 8?
-164
What is 0 (base 10) in base 11?
0
What is -24 (base 7) in base 4?
-102
What is -1b (base 12) in base 16?
-17
Convert 3 (base 12) to base 6.
3
What is -72 (base 10) in base 15?
-4c
-10 (base 13) to base 4
-31
Convert 7 (base 12) to base 5.
12
-17 (base 11) to base 2
-10010
110 (base 2) to base 15
6
Convert -11 (base 6) to base 5.
-12
109 (base 10) to base 4
1231
-4 (base 6) to base 13
-4
What is 11 (base 5) in base 2?
110
12210 (base 3) to base 11
132
What is -52 (base 8) in base 6?
-110
25 (base 7) to base 3
201
2 (base 4) to base 9
2
-10010 (base 2) to base 15
-13
1101 (base 2) to base 8
15
57 (base 11) to base 14
46
What is 0 (base 9) in base 16?
0
122 (base 3) to base 10
17
Convert 0 (base 5) to base 16.
0
Convert 10 (base 10) to base 12.
a
d (base 14) to base 11
12
What is -11 (base 8) in base 7?
-12
Convert 9d (base 15) to base 7.
301
10 (base 4) to base 7
4
2 (base 10) to base 7
2
113 (base 7) to base 4
323
-3 (base 5) to base 16
-3
What is 8 (base 11) in base 10?
8
Convert -13 (base 10) to base 8.
-15
What is 2 (base 16) in base 12?
2
What is 2 (base 8) in base 10?
2
What is -35 (base 6) in base 12?
-1b
-1 (base 14) to base 8
-1
Convert -1 (base 11) to base 5.
-1
66 (base 16) to base 7
204
7 (base 16) to base 5
12
0 (base 6) to base 7
0
Convert -77 (base 13) to base 3.
-10122
What is 10 (base 12) in base 11?
11
-1b (base 16) to base 9
-30
What is -7 (base 8) in base 7?
-10
Convert 201 (base 10) to base 7.
405
Convert 14 (base 14) to base 4.
102
What is 0 (base 16) in base 7?
0
108 (base 16) to base 11
220
-b3 (base 12) to base 16
-87
What is 1 (base 5) in base 3?
1
2 (base 4) to base 8
2
15 (base 6) to base 13
b
What is -1 (base 6) in base 16?
-1
What is 31 (base 8) in base 3?
221
What is 4 (base 9) in base 12?
4
Convert -1 (base 4) to base 5.
-1
4 (base 12) to base 3
11
-4 (base 13) to base 5
-4
5 (base 10) to base 16
5
What is 1 (base 6) in base 11?
1
10 (base 4) to base 14
4
b (base 15) to base 5
21
Convert 0 (base 11) to base 2.
0
-3 (base 6) to base 5
-3
Convert -103 (base 8) to base 14.
-4b
What is -1a (base 16) in base 3?
-222
1 (base 9) to base 2
1
Convert 100011 (base 2) to base 9.
38
-12 (base 4) to base 5
-11
Convert -5 (base 12) to base 6.
-5
Convert 28 (base 15) to base 5.
123
Convert -53 (base 15) to base 4.
-1032
-5d (base 14) to base 6
-215
Convert 3 (base 8) to base 2.
11
What is 2 (base 14) in base 15?
2
Convert -11010 (base 2) to base 8.
-32
What is 200 (base 3) in base 12?
16
Convert -100 (base 2) to base 4.
-10
Convert 200 (base 6) to base 13.
57
What is -100 (base 3) in base 10?
-9
-204 (base 6) to base 12
-64
Convert 4 (base 15) to base 8.
4
9e (base 15) to base 8
225
What is -265 (base 7) in base 12?
-101
-100 (base 3) to base 15
-9
Convert 1323 (base 5) to base 7.
423
43 (base 6) to base 15
1c
Convert -25 (base 10) to base 7.
-34
14 (base 13) to base 12
15
-325 (base 7) to base 4
-2212
What is -1 (base 10) in base 14?
-1
Convert 11130 (base 4) to base 7.
1005
What is 75 (base 8) in base 12?
51
What is 413 (base 6) in base 3?
12200
-2 (base 7) to base 3
-2
What is 3 (base 10) in base 14?
3
7 (base 8) to base 10
7
Convert -1 (base 2) to base 10.
-1
What is 94 (base 14) in base 15?
8a
-133 (base 7) to base 9
-81
What is 110 (base 4) in base 16?
14
34 (base 8) to base 11
26
What is -3 (base 15) in base 5?
-3
What is -57 (base 9) in base 11?
-48
What is -16 (base 7) in base 16?
-d
What is -155 (base 16) in base 11?
-290
-31 (base 7) to base 12
-1a
-35 (base 9) to base 15
-22
What is -1c (base 16) in base 3?
-1001
What is -113 (base 6) in base 12?
-39
5 (base 13) to base 9
5
What is 51 (base 6) in base 5?
111
26 (base 14) to base 6
54
What is -a (base 15) in base 8?
-12
Convert -9 (base 10) to base 13.
-9
What is 10 (base 7) in base 8?
7
Convert 6 (base 7) to base 5.
11
What is 20 (base 4) in base 8?
10
-d (base 14) to base 3
-111
What is 204 (base 8) in base 11?
110
-10 (base 4) to base 3
-11
What is 2 (base 3) in base 14?
2
What is -211 (base 3) in base 9?
-24
What is 5 (base 6) in base 4?
11
Convert 7 (base 14) to base 9.
7
Convert -1 (base 9) to base 6.
-1
What is 3 (base 6) in base 9?
3
Convert 34 (base 10) to base 4.
202
Convert 76 (base 11) to base 13.
65
What is 13 (base 8) in base 14?
b
4 (base 14) to base 13
4
2011 (base 3) to base 10
58
What is 2 (base 10) in base 8?
2
Convert -4 (base 9) to base 3.
-11
Convert 2 (base 10) to base 5.
2
Convert -6 (base 11) to base 2.
-110
-1 (base 14) to base 6
-1
Convert 76 (base 8) to base 11.
57
What is 111 (base 2) in base 5?
12
What is 10111 (base 2) in base 10?
23
Convert 4 (base 9) to base 8.
4
3 (base 12) to base 11
3
What is 14 (base 16) in base 13?
17
Convert 2 (base 4) to base 6.
2
Convert -110010 (base 2) to base 3.
-1212
What is 110 (base 3) in base 5?
22
Convert -3 (base 8) to base 9.
-3
What is 7 (base 13) in base 11?
7
Convert -2 (base 13) to base 6.
-2
Convert -15 (base 16) to base 9.
-23
What is -44 (base 8) in base 12?
-30
Convert 111 (base 5) to base 7.
43
Convert 2 (base 13) to base 6.
2
-231 (base 5) to base 10
-66
-2 (base 8) to base 11
-2
Convert -325 (base 6) to base 9.
-148
1001 (base 5) to base 14
90
What is 1 (base 13) in base 3?
1
What is -110101 (base 2) in base 10?
-53
What is 5 (base 10) in base 7?
5
-4 (base 7) to base 10
-4
What is -46 (base 16) in base 13?
-55
74 (base 12) to base 4
1120
Wha